1132140
Convert -10101111000110111 (base 2) to base 6.
-1531023
Convert -3311151 (base 8) to base 12.
-36a889
1043341 (base 5) to base 8
44244
What is 52011 (base 11) in base 16?
12867
Convert -100110011110011111 (base 2) to base 15.
-31a69
26052753 (base 8) to base 7
100131012
14db62 (base 14) to base 13
1c6ccb
What is 16a96a (base 13) in base 15?
b2b93
201022210211110 (base 3) to base 14
1514db8
Convert 4934643 (base 10) to base 11.
287051a
ab1b02 (base 13) to base 14
76d11d
3042314 (base 5) to base 16
c22d
What is -533a6 (base 14) in base 12?
-9841a
What is -454003 (base 7) in base 12?
-3a794
Convert -b047 (base 13) to base 9.
-36207
What is 131e79c (base 15) in base 12?
473b963
What is -102331301102 (base 4) in base 8?
-22756122
2002201321 (base 4) to base 12
2194a1
Convert 37576 (base 12) to base 4.
102111222
What is -788540 (base 14) in base 10?
-4095084
Convert -100011100011000111001101 (base 2) to base 4.
-203203013031
Convert -10220121000100 (base 3) to base 10.
-2078388
-557034 (base 8) to base 7
-1411623
647232 (base 8) to base 2
110100111010011010
Convert 5046 (base 8) to base 12.
1606
What is 2243323 (base 7) in base 3?
112012200121
Convert -160541 (base 8) to base 3.
-2221010221
-36a77 (base 16) to base 3
-102101002020
What is 226218 (base 12) in base 10?
549812
What is 209539 (base 16) in base 15?
2c2a6d
Convert -11101010001011010101000 (base 2) to base 3.
-112102212002011
Convert 544c9 (base 14) to base 13.
71b28
2307332 (base 8) to base 12
2625b6
Convert -3640346 (base 8) to base 9.
-1783236
What is -eb787 (base 16) in base 3?
-1211000000202
Convert 1210b7 (base 12) to base 11.
18a570
Convert -16521 (base 7) to base 9.
-6423
Convert 11543 (base 10) to base 4.
2310113
Convert -255cb9 (base 14) to base 3.
-2102020021012
Convert 345628 (base 9) to base 6.
4240512
Convert -136776 (base 8) to base 2.
-1011110111111110
Convert 1111010000010000000011 (base 2) to base 5.
2010424343
What is 5717d (base 15) in base 2?
1000011101001100101
Convert -bd947 (base 14) to base 12.
-1a22b7
What is -1011100001101111011 (base 2) in base 10?
-377723
What is 3659550 (base 10) in base 15?
4c44a0
133688 (base 11) to base 15
4225e
Convert 52177 (base 11) to base 2.
10010100100101000
71ba79 (base 14) to base 16
3a862b
What is -41102401 (base 5) in base 12?
-13ba95
Convert 10430552 (base 6) to base 7.
2451530
Convert 10011010001010101 (base 2) to base 9.
130243
What is -4c50d (base 14) in base 2?
-101101110011000001
-1011000001010001100 (base 2) to base 3
-200100100002
25446 (base 9) to base 13
7a4c
Convert 1505071 (base 8) to base 9.
722833
Convert 52400 (base 9) to base 15.
a3ac
What is -387766 (base 9) in base 8?
-713545
108a75 (base 11) to base 10
172991
Convert 453661 (base 8) to base 10.
153521
What is -3301111 (base 8) in base 2?
-11011000001001001001
108f1e (base 16) to base 12
444026
-212022211021 (base 3) to base 12
-1a185a
What is 11001100100110110101 (base 2) in base 16?
cc9b5
Convert -a5901 (base 13) to base 11.
-193a86
Convert -410b6 (base 14) to base 15.
-315cd
Convert 3544859 (base 10) to base 13.
971666
1674269 (base 10) to base 9
3131588
Convert -148581 (base 10) to base 15.
-2e056
What is 7258ab (base 13) in base 2?
1010001011100001101011
Convert 2140c9 (base 13) to base 5.
144430400
10256554 (base 9) to base 13
103bc10
What is -45cc7 (base 14) in base 5?
-20414121
Convert 99558 (base 10) to base 8.
302346
-130541043 (base 6) to base 5
-1124014411
What is -da00 (base 15) in base 5?
-2434000
What is -23031132230 (base 4) in base 6?
-142553312
What is 18915b (base 12) in base 16?
69197
-13723c0 (base 13) to base 3
-102120020021111
-11401211 (base 5) to base 12
-51713
14471f (base 16) to base 14
268435
11000110101101110101011 (base 2) to base 10
6511531
What is 57373 (base 13) in base 4?
212301001
Convert 132100201231 (base 4) to base 8.
36204155
72715 (base 11) to base 2
11001111000011100
-82958b (base 13) to base 5
-1240020244
What is 370a4 (base 16) in base 15?
46be9
Convert 462a28 (base 12) to base 7.
12362633
What is 46641 (base 10) in base 4?
23120301
239723 (base 10) to base 16
3a86b
1104411 (base 8) to base 13
a5396
What is 27d29e (base 16) in base 13?
704b97
What is 240141211 (base 5) in base 9?
2055268
-1030021311 (base 4) to base 6
-10404033
-13131021231 (base 4) to base 3
-10200021221200
bb2b36 (base 15) to base 12
2ba1750
What is 1244256 (base 9) in base 6?
22315040
Convert -23210304 (base 6) to base 2.
-10101111000000000000
1751076 (base 8) to base 2
1111101001000111110
30365524 (base 8) to base 11
3693401
Convert -31021003 (base 4) to base 14.
-1588b
What is -43545531 (base 6) in base 14?
-25d863
What is -63501 (base 14) in base 4?
-322201131
What is -334217 (base 9) in base 2?
-110000110011110100
-6c3a7b (base 14) to base 12
-12a4225
What is 111222202102021 (base 3) in base 13?
170443c
22604050 (base 7) to base 3
10201211101221
-11220200022 (base 3) to base 4
-113213102
Convert 1642998 (base 10) to base 8.
6210766
Convert 3426354 (base 7) to base 3.
210201001000
What is 73435021 (base 8) in base 2?
111011100011101000010001
What is 104822 (base 16) in base 6?
34512002
Convert 12212010021 (base 3) to base 10.
115270
2043a78 (base 13) to base 12
333566a
What is -117524 (base 16) in base 8?
-4272444
What is 2422cd (base 15) in base 11?
a80834
What is -29a45a (base 11) in base 16?
-72312
Convert -50323477 (base 8) to base 11.
-5a86570
What is 25255331 (base 6) in base 13?
227794
What is 152c0 (base 14) in base 9?
80251
5932391 (base 10) to base 7
101265413
What is 13224120242 (base 5) in base 6?
1352232103
Convert -13a6a (base 13) to base 14.
-d65c
Convert -323650 (base 8) to base 14.
-2b74c
What is -45a244 (base 15) in base 7?
-40155361
Convert -4205dc (base 16) to base 4.
-100200113130
What is 123312031 (base 4) in base 3?
12210110111
What is -1d826 (base 15) in base 3?
-11220011000
-22256 (base 7) to base 2
-1010111111011
-209367a (base 12) to base 3
-102121012102111
Convert -ab78c2 (base 16) to base 8.
-52674302
-103003030 (base 4) to base 7
-443326
What is 110101101000101111 (base 2) in base 4?
311220233
2187a0 (base 11) to base 7
2650410
Convert 140021230 (base 5) to base 9.
1283430
What is 1279150 (base 11) in base 13?
5c41b8
What is -3351065 (base 7) in base 13?
-11731a
48116 (base 10) to base 4
23233310
Convert -1001011011111010011101 (base 2) to base 5.
-1113124004
9adb5 (base 14) to base 9
632556
5021104 (base 6) to base 12
b4794
What is 333587 (base 11) in base 5?
114004034
203001230 (base 4) to base 6
3024112
Convert 22013330 (base 6) to base 4.
2133332112
What is -20000220202022 (base 3) in base 11?
-18a0263
650637 (base 8) to base 2
110101000110011111
Convert 100000010001100101 (base 2) to base 6.
2500005
What is -10867 (base 9) in base 3?
-100222021
What is 423194 (base 10) in base 8?
1472432
-33031231201 (base 4) to base 14
-75b681
-4780550 (base 9) to base 7
-31013661
-1100100000101011 (base 2) to base 5
-3114433
-1101010101010101 (base 2) to base 16
-d555
Convert 5905537 (base 10) to base 3.
102010000212121
Convert -960860 (base 10) to base 8.
-3524534
11010110 (base 2) to base 4
3112
What is 1210111122211 (base 3) in base 8?
3510566
What is 1440602 (base 13) in base 8?
30411151
Convert -16197 (base 14) to base 3.
-2210201210
What is 26320033 (base 7) in base 15?
328837
Convert 1101110100011011100 (base 2) to base 9.
760142
10a1142 (base 12) to base 5
1304222031
What is -36442040 (base 8) in base 12?
-2825080
What is 1011010111000101000 (base 2) in base 5?
43403024
What is 30324203 (base 5) in base 16?
3bf31
Convert 231234 (base 7) to base 2.
1010000101000011
Convert -2251110 (base 6) to base 12.
-56a96
What is 1459597 (base 11) in base 5?
1120023120
1c7d7 (base 14) to base 4
101303021
What is -3103230202 (base 4) in base 3?
-1122001110001
What is -4737c (base 13) in base 16?
-1fcb9
Convert -147173a (base 14) to base 3.
-200201201012102
What is 30411441 (base 5) in base 2?
111100011111000010
6243055 (base 7) to base 15
ec421
16417047 (base 9) to base 10
8219518
What is 102203000031 (base 4) in base 10?
4861965
31878 (base 15) to base 11
a8096
Convert 25500163 (base 8) to base 15.
76ea6e
1010445 (base 10) to base 6
33353553
2203310031 (base 4) to base 15
d3c29
Convert 34340045 (base 6) to base 16.
1018fd